 = -105 - -210. Let j = w - 46. What is the tens digit of j?
5
Let j(g) = g**2 - 9*g + 20. Let i be j(7). Suppose -10*u - i*u + 13632 = 0. What is the tens digit of u?
5
Let i = 13661 + -7594. What is the hundreds digit of i?
0
Suppose 1430 = 48*c - 22*c. What is the hundreds digit of 10*c/4*(-48)/(-20)?
3
Suppose 62*i - 5*w = 59*i + 11979, -2*w = -i + 3991. What is the tens digit of i?
0
Suppose -4*m = -3*m + 3*n - 1567, n + 3106 = 2*m. Suppose 3*o + m = 8*o. What is the units digit of o?
1
Let h = -6093 - -3545. Let i = 3629 + h. What is the tens digit of i?
8
Suppose 0 = -2*a + 4*n + 74658, -5*n + 64133 = 3*a - 47898. What is the tens digit of a?
3
Let f(r) = -9*r**3 - 18*r**2 + 28*r + 107. What is the tens digit of f(-13)?
7
Let x(n) = n**3 - 8*n**2 + 16*n + 2. Let r be x(4). Let c(t) = -t - 2. Let l be c(-11). What is the units digit of r/l + (-806)/(-18)?
5
Suppose -3*b - 2*b = 300. Let p = -11047 + 8791. What is the tens digit of p/b + (-3)/5?
3
Let x = -122 + -828. Let h = -491 - x. What is the tens digit of h?
5
Suppose 3*i - 2*j + 272 = -7*j, 3*i + 290 = 4*j. Let s = -2 + -17. Let d = s - i. What is the units digit of d?
5
Let h(o) = 4*o - 172. Let x be h(-12). Let a = -17 - x. What is the units digit of a?
3
Let n be (-44)/(-10)*(-15 + (73 - -2)). Let a = n + 1283. What is the thousands digit of a?
1
Suppose 0 = -2*n - 3*n - x + 323, 0 = 3*n - x - 189. Suppose 55*g - n*g + 3960 = 0. What is the tens digit of g?
4
What is the units digit of 13770 - (-36)/(-63)*-14?
8
Let q(j) be the first derivative of 783*j**4/4 + 11*j**2/2 - 10*j - 45. What is the tens digit of q(1)?
8
Let u(d) = -d**3 + 9*d + 4. Let q be u(0). Suppose -1565 = -q*i + 1287. What is the units digit of i?
3
Let a(k) = -28*k**3 - 6*k**2 + 39*k + 175. What is the tens digit of a(-8)?
1
Suppose -5*y - 2*t - 48 - 79 = 0, 5*t = 20. Let q be (-7)/(-28) + (-69)/(-12). What is the units digit of q/y - 222/(-27)?
8
Let f(d) = -148*d - 97. Let v be f(-5). Suppose 0 = -2*b - v + 2129. What is the units digit of b?
3
Let y(x) = 3*x**2 + 1 - 2*x**2 - 3 - 6. Let m be y(3). What is the tens digit of (-64)/16 + m*18?
1
Suppose -59 = 2*c - 57. Let o be (-1)/(-1*(-1)/(-4)) + c. Suppose -t + 5*t - 4*v - 456 = 0, 0 = -3*t - o*v + 372. What is the units digit of t?
9
Suppose -4*c - 1990 = -b + 12955, 0 = 5*c + 25. What is the hundreds digit of b?
9
Suppose -t + 227 = t + v, -551 = -5*t + 3*v. Suppose 14*j - t = 700. What is the units digit of j?
8
What is the units digit of (2457/105 + 6/10)*1698/4?
8
Let z(g) be the first derivative of -66*g - 32 - 19/2*g**2. What is the tens digit of z(-12)?
6
Let t = 32 - -454. Let d = 697 + -1012. Let p = d + t. What is the units digit of p?
1
Suppose 0 = -46*r + 397119 + 1087531. What is the units digit of r?
5
Suppose 8*m - 1715500 = -117*m. What is the thousands digit of m?
3
Let q = -14 - 5. Let s = -13 - q. What is the units digit of ((-2)/s)/((-2)/18)?
3
Suppose 108991 = 5*l + 2*p, 13*p = 2*l - 19814 - 23741. What is the ten thousands digit of l?
2
Suppose 301322 = 42*n + 57764. What is the tens digit of n?
9
Suppose -3*o = 2*a - 85259 - 33480, o - 3*a = 39609. What is the hundreds digit of o?
5
Suppose 3*g + 40507 = -4*x + 149707, 0 = -x + g + 27314. What is the units digit of x?
6
Let h = 39 - 35. Suppose 3*c - h = 5. Let r = c - -22. What is the units digit of r?
5
Let s(z) = z**2 - 9*z + 16. Let m be s(2). Suppose -1627 = -5*d + m*w, 173 = d - 3*w - 155. What is the units digit of d?
5
Let a = -2573 - -10850. What is the tens digit of 10/180*a - 1/(-6)?
6
What is the tens digit of 8820097/286 + (-2)/(-4)?
4
Let h(u) = -182*u - 2205. What is the hundreds digit of h(-39)?
8
Let k = -258 - -263. Suppose -2*c + 544 = k*p, -6*c + 1088 = -2*c - p. What is the hundreds digit of c?
2
Let i = 221 - 218. Suppose -4*t = a - 1927, 665 = -i*t + 3*a + 2129. What is the tens digit of t?
8
Suppose -4*i - w = -54, 2*i + 3*i - 57 = 4*w. Suppose -t - 2881 = -4*b, -3*t = -12*b + i*b - 704. What is the tens digit of b?
1
Let n(v) = -6283*v - 100. What is the thousands digit of n(-1)?
6
Let o(w) = 51*w**2 + 15*w + 16. Let p be o(-1). Suppose 53*d - 1436 = p*d. What is the units digit of d?
6
Let q(f) = -228*f + 167. Let d be q(6). Let t = -351 - d. What is the hundreds digit of t?
8
What is the units digit of 1616*(1 + 4 + (-110)/40)?
6
Let c = -336 - -4862. What is the thousands digit of c?
4
Let m be 12/48*(-2 - -966). Let d be 168 + (3 - 6)/(-3). Let v = m - d. What is the units digit of v?
2
Let t(f) = 305*f - 4922. What is the ten thousands digit of t(53)?
1
Suppose -t - n = -155, 0 = -5*n + 7 + 3. Suppose t = 3*f - 162. What is the tens digit of f?
0
Let f(s) = 56*s - 194. Let w(p) be the third derivative of -11*p**4/24 + 13*p**3/2 + 16*p**2. Let m(x) = 2*f(x) + 11*w(x). What is the hundreds digit of m(-18)?
2
Let c(y) = y**2 - 31*y + 27. Let x be c(30). Let t(z) = -217*z - 21. What is the units digit of t(x)?
0
Let h = -27724 + 34426. What is the hundreds digit of h?
7
Let n = 44990 + -27632. What is the tens digit of n?
5
Let p be 4/(-14) + -15*(-485)/105. Suppose 6*r - 3*r = p. Suppose -o + r = -55. What is the tens digit of o?
7
Let z be (6/4)/((-6)/(-176)). Let y(g) = -g**3 + 12*g**2 + 28*g + 2. Let p be y(14). Suppose -z - 18 = -p*m. What is the units digit of m?
1
Let x(d) = -2*d + 31*d - 19 + 5. Let h be x(5). Suppose -4*a + h = 31. What is the units digit of a?
5
Suppose 2*g = -y + 11517, 4*y - 2361 + 19620 = 3*g. Suppose -11071 = -28*r + g. What is the tens digit of r?
0
Suppose 0*l - 2*l - 27 = -o, 12 = -2*l - 4*o. Let r be (-6)/(-4)*(-16)/l. Suppose -3*f + 2*f + r*s + 20 = 0, -3*f + 55 = -5*s. What is the units digit of f?
0
Let l be ((-18)/(-8) + -2)*400/20. Suppose -5*w + 20 = x - 0*x, -2*x + 50 = l*w. What is the units digit of x?
0
Let p(v) = 2*v**2 - 4*v - 3. Let h be p(4). Let o(c) be the third derivative of -c**5/60 + 2*c**4/3 + 17*c**3/6 + 21*c**2. What is the tens digit of o(h)?
5
Let l = -39238 - -72345. What is the ten thousands digit of l?
3
Let z = 466 - 310. Let s be (-17)/(1190/(-260)) - 2/(-7). Suppose -4*q - s*x = -x - z, 5*x = 0. What is the units digit of q?
9
Suppose 0*z = -2*z + 582. Suppose z = 3*t - 273. Suppose -t = -x + 55. What is the tens digit of x?
4
Let m(o) = 15*o + 108. Let x be m(-7). Suppose r - x = 0, 0 = t + r + 61 - 213. What is the units digit of t?
9
Let w be (-4)/(-7) - (-164352)/(-672). Let b = 881 + w. What is the tens digit of b?
3
Suppose 4*p - 40 + 159 = 5*j, -3*p = 3*j + 123. Let h = 38 + p. Suppose -95 = -i + 2*d, -h*i + d + 186 = -d. What is the units digit of i?
1
Suppose -33*j = -77279 - 309085. What is the tens digit of j?
0
Let h(j) = -27*j + 7 + 9*j**2 + 63*j - 36*j - j**3. Let s be h(7). Suppose s = n - 114. What is the hundreds digit of n?
2
What is the tens digit of 2 + (-8)/(-56) + (-161550)/(-21)?
9
Let o(d) = d**2 - 111*d + 2902. Let c be o(61). Suppose k + 53 = -310. Let j = c - k. What is the units digit of j?
5
Suppose 65*o - 1476 = 63*o. Suppose 8*c - 10*c + o = 2*d, -4*c + 1456 = -d. What is the tens digit of c?
6
Let d = -392 + 117. What is the tens digit of 16665/d*(-20)/2?
0
Suppose -13*r - u = -15*r + 31784, 5*r - 2*u - 79460 = 0. What is the units digit of r?
2
Let n(p) = 59*p + 17. Suppose 3*l = -6 - 18. Let h(o) = -177*o - 50. Let z(t) = l*n(t) - 3*h(t). What is the tens digit of z(3)?
9
Suppose 200*a - 202*a = -2160. Let d = a + -412. What is the units digit of d?
8
Suppose -3*t - 5 - 28 = -4*x, -12 = -4*x - 4*t. Suppose -9*q + x*q + 1512 = 0. What is the hundreds digit of q?
5
Let o = -406 + 916. Let f = o + 1218. What is the hundreds digit of f?
7
Let t be (20/(-55))/((-22)/121). What is the units digit of -1 - (t/2 - 3)?
1
Suppose 4*x - 310 = 9*x. Let w = x - -43. Let k = w - -38. What is the units digit of k?
9
Suppose -p = 2*p - 4*k + 115, 2*p + 2*k = -58. Let h(g) = g**3 + 32*g**2 - 87*g - 36. What is the hundreds digit of h(p)?
7
Suppose -11*x = -3*x + 584 - 29920. What is the hundreds digit of x?
6
Suppose -781*n = -759*n - 1450174. What is the units digit of n?
7
Let v = -2363 - -11761. What is the tens digit of v?
9
Let m(l) = 5444*l**2 + 13*l + 14. What is the units digit of m(-1)?
5
Let r be 3/(-4)*(-48)/12. Suppose h + r*d + 14 = 97, 228 = 3*h + 2*d. What i